{"id":35,"date":"2013-01-19T20:58:51","date_gmt":"2013-01-19T18:58:51","guid":{"rendered":"http:\/\/www.iisalmenkalaklubi.net\/?page_id=35"},"modified":"2019-05-12T16:23:32","modified_gmt":"2019-05-12T13:23:32","slug":"linkit","status":"publish","type":"page","link":"http:\/\/www.iisalmenkalaklubi.net\/?page_id=35","title":{"rendered":"Linkit"},"content":{"rendered":"<h3 style=\"text-align: left;\" align=\"center\">L\u00e4hialueen cup-kilpailut:<\/h3>\n<p style=\"text-align: left;\" align=\"center\"><a href=\"http:\/\/www.savoniacup.fi\" target=\"_blank\" rel=\"noopener noreferrer\">Savonia-Cup<\/a><br \/>\n<a href=\"http:\/\/www.pohjola-cup.fi\/\" target=\"_blank\" rel=\"noopener noreferrer\">Pohjola Cup<\/a><br \/>\n<a href=\"http:\/\/www.koillissavocup.fi\/\" target=\"_blank\" rel=\"noopener noreferrer\">Koillis-Savo Vetocup<\/a><br \/>\n<a href=\"http:\/\/vedenjakajacup.com\/\" target=\"_blank\" rel=\"noopener noreferrer\">Suomensel\u00e4n Vedenjakaja Cup<\/a><br \/>\n<a href=\"http:\/\/www.tutka.net\/~kkmp\/UISTELU\/2007.htm\" target=\"_blank\" rel=\"noopener noreferrer\">Kainuun Vetouistelu Cup<\/a><\/p>\n<h3 style=\"text-align: left;\" align=\"center\">Muita kilpailuja:<\/h3>\n<p style=\"text-align: left;\" align=\"center\"><a href=\"http:\/\/www.sm2019.fi\/\" target=\"_blank\" rel=\"noopener\">Vetouistelun SM 2019<\/a><\/p>\n<p style=\"text-align: left;\" align=\"center\"><a href=\"http:\/\/www.uistelutoimikunta.fi\/OPM_cup\/index.htm\" target=\"_blank\" rel=\"noopener noreferrer\">OPM Cup<\/a><\/p>\n<h3 style=\"text-align: left;\" align=\"center\">Muita linkkej\u00e4:<\/h3>\n<p style=\"text-align: left;\" align=\"center\"><a href=\"http:\/\/www.marjahaanautokatsastus.fi\/\" target=\"_blank\" rel=\"noopener noreferrer\">Marjahaan Autokatsastus Oy<\/a><br \/>\n<a href=\"http:\/\/www.jokikone.fi\/index.php\" target=\"_blank\" rel=\"noopener noreferrer\">Jokikone<\/a><br \/>\n<a href=\"http:\/\/www.hkvarma.com\/\" target=\"_blank\" rel=\"noopener noreferrer\">HK Varma<\/a><br \/>\n<a href=\"http:\/\/www.tiura.fi\/\" target=\"_blank\" rel=\"noopener noreferrer\">Tiura<\/a><\/p>\n<p style=\"text-align: left;\" align=\"center\">\n","protected":false},"excerpt":{"rendered":"<p>L\u00e4hialueen cup-kilpailut: Savonia-Cup Pohjola Cup Koillis-Savo Vetocup Suomensel\u00e4n Vedenjakaja Cup Kainuun Vetouistelu Cup Muita kilpailuja: Vetouistelun SM 2019 OPM Cup Muita linkkej\u00e4: Marjahaan Autokatsastus Oy Jokikone HK Varma Tiura<\/p>\n","protected":false},"author":1,"featured_media":0,"parent":0,"menu_order":0,"comment_status":"closed","ping_status":"closed","template":"","meta":[],"_links":{"self":[{"href":"http:\/\/www.iisalmenkalaklubi.net\/index.php?rest_route=\/wp\/v2\/pages\/35"}],"collection":[{"href":"http:\/\/www.iisalmenkalaklubi.net\/index.php?rest_route=\/wp\/v2\/pages"}],"about":[{"href":"http:\/\/www.iisalmenkalaklubi.net\/index.php?rest_route=\/wp\/v2\/types\/page"}],"author":[{"embeddable":true,"href":"http:\/\/www.iisalmenkalaklubi.net\/index.php?rest_route=\/wp\/v2\/users\/1"}],"replies":[{"embeddable":true,"href":"http:\/\/www.iisalmenkalaklubi.net\/index.php?rest_route=%2Fwp%2Fv2%2Fcomments&post=35"}],"version-history":[{"count":20,"href":"http:\/\/www.iisalmenkalaklubi.net\/index.php?rest_route=\/wp\/v2\/pages\/35\/revisions"}],"predecessor-version":[{"id":498,"href":"http:\/\/www.iisalmenkalaklubi.net\/index.php?rest_route=\/wp\/v2\/pages\/35\/revisions\/498"}],"wp:attachment":[{"href":"http:\/\/www.iisalmenkalaklubi.net\/index.php?rest_route=%2Fwp%2Fv2%2Fmedia&parent=35"}],"curies":[{"name":"wp","href":"https:\/\/api.w.org\/{rel}","templated":true}]}}